u + 0*u + 2*u**2. Let n(h) = -30*h - 59. Let j be n(-2). What is the tens digit of p(j)?
1
What is the units digit of (16/(-6))/(8/32 - 890/3552)?
6
Let m(h) = -140*h**2 + 186*h**2 - 14 + 10*h - 1. Let u(y) = y + 1. Let j be u(1). What is the units digit of m(j)?
9
Let q(d) be the first derivative of d**4/2 - 2*d**3/3 + 7*d**2/2 - 19*d + 26. Let c be q(5). Let l = c + -76. What is the hundreds digit of l?
1
Let n = 164262 - 96387. What is the tens digit of n?
7
Let c(x) = -x**2 - 47*x + 46. Let j(u) = -20*u + 80. Let k be j(5). What is the hundreds digit of c(k)?
5
Suppose -707 + 179 = 8*g. Let p(f) = -f**2 - 24*f + 1. Let c be p(-11). Let y = g + c. What is the tens digit of y?
7
Let x = 11347 - 7850. What is the tens digit of x?
9
Suppose 11*a = 5008 - 322. Let z = 96 + a. What is the tens digit of z?
2
Suppose 0 = -5*q + 4*m + 19 + 7, 5*q + 10 = -5*m. Suppose 6*r = 20 - q. What is the tens digit of ((-678)/r)/(-2 + 1)?
2
Let u be (-7)/(28/(-12)) - -223. Suppose -5*s + 16 - u = 0. Let h = 51 - s. What is the tens digit of h?
9
Let m be 338/(-4)*(-1 - 1). Let v(n) = 17*n - 1499. Let t be v(104). Let p = t - m. What is the units digit of p?
0
Let k(y) = 3*y - y**3 + 42*y**2 + 40*y**2 - 50 - 48*y**2. What is the tens digit of k(34)?
5
Suppose 3 = 2*t - 3. Suppose -1612 = -4*r + 3*f + f, -t*f - 1617 = -4*r. What is the hundreds digit of r?
4
Suppose 4*j = -c + 2191, -5*c + 109 = j - 453. What is the hundreds digit of j + (1 - -4) + (-6)/2?
5
Suppose -4*m + w + 114 = 2*w, 4*w + 104 = 4*m. Suppose -m = -f - 24. Let h = -3 + f. What is the units digit of h?
1
Let t be 2073 + (6 - 1)/(-5). Suppose t = 2*g + 5*w, g = -3*w + 775 + 263. What is the tens digit of g?
2
Suppose 0 = 4*n - 2*o - 34, 0 = o - 2*o - 5. Let v(m) = n*m**2 - 7*m**2 - m**2 + 3. What is the units digit of v(0)?
3
Let l(p) = -p + 14. Let d be l(12). Suppose -5*w - d*b = -704, -4*w + b + 564 = 3*b. Suppose -3*g + 389 = w. What is the tens digit of g?
8
Let p be -4 - 351/21 - 4/14. Let v be (p/(-12) - 4)*(-24)/2. What is the tens digit of 2*1/(-9) - (-4299)/v?
5
Let v = 293 + -287. What is the units digit of 432/(v + -2) - (-2)/2?
9
Let s(b) = 76*b + 18. Let j(y) = -2*y + 1. Let x(m) = -6*j(m) - s(m). What is the hundreds digit of x(-9)?
5
Let q be ((-3)/(-2))/((-18)/(-12)) + 2. Suppose 2*f = -5*o - 5 - 7, 0 = 2*o - q*f + 1. What is the hundreds digit of 3780/28 - o*1/1?
1
Let c(o) = o**3 - 8*o**2 - 22*o - 13. Let p be c(14). Let q = p - 264. What is the units digit of q?
1
Let j be (-1)/1 - (-7)/(35/6260). Let d = j - 770. What is the tens digit of d?
8
Let a = 10436 - 4044. What is the thousands digit of a?
6
Suppose -267*g = 67*g - 30*g - 3081344. What is the units digit of g?
6
Let i(h) = 7*h - 150. Let p be i(23). Suppose -p*t = t - 1140. What is the tens digit of t?
9
Let j(q) = -4*q**3 - 28*q**2 - 4*q + 75. What is the thousands digit of j(-13)?
4
Let p = -64 - -66. Suppose -3*c - 166 = -7*c - 2*m, -p*m = c - 40. Suppose -6 = -c*f + 40*f. What is the units digit of f?
3
Suppose -2*m + 19469 = -6851. Suppose 0 = -17*n - 2807 + m. What is the tens digit of n?
0
Suppose -1743 = 3*c - m, 581 = -c - 2*m - 2*m. Let w = -338 - c. What is the hundreds digit of w?
2
Let u(p) = 243*p**2 - 30*p - 60. What is the thousands digit of u(-7)?
2
Suppose 561 = o + 2*o + 3*r, -r = 2*o - 371. Let s = 77 - 77. Suppose u - o = -s*u. What is the hundreds digit of u?
1
Let n(o) = -1161*o - 281. What is the thousands digit of n(-6)?
6
What is the ten thousands digit of ((-46110)/636)/(1/(-170))?
1
Let m(q) be the second derivative of 13*q**5/5 + q**4/12 + 2*q**3/3 - 13*q**2/2 - 31*q. What is the hundreds digit of m(2)?
4
Let k be 1 + (-30)/34 + (-102788)/(-238). Suppose 28*c + k = 34*c. What is the units digit of c?
2
Suppose -19107 - 473 = -20*d. What is the hundreds digit of d?
9
Let i(j) = -70 - 67 - 1012*j - 71 + 205. What is the hundreds digit of i(-1)?
0
Let u be (2 + -39)*(1 - 0). Suppose -25 = -4*y - 101. Let d = y - u. What is the units digit of d?
8
Let l(x) = -5000*x + 58. What is the units digit of l(-1)?
8
Let s be (1 + 87 + 13)/(1/8). Let x = s + 280. What is the hundreds digit of x?
0
Let z = 19606 - 12079. What is the units digit of z?
7
Let j = -20526 + 24765. What is the thousands digit of j?
4
Let v = 52524 + -32899. What is the ten thousands digit of v?
1
Let y be (24/14)/(((-20)/(-1295))/2). Suppose -3*u + 15 = -0, q - 4*u - y = 0. What is the hundreds digit of q?
2
Let d(m) = m**3 - 26*m**2 + 8*m - 18. Let h be d(10). Let o = -1008 - h. Suppose -4*g + u = g - o, 0 = -5*g + 3*u + 520. What is the units digit of g?
7
Let f(d) = -10*d + 27. Let k = 11 - 35. Let n = k - -18. What is the units digit of f(n)?
7
Let o = 6540 + -3643. What is the thousands digit of o?
2
Suppose -801 = -2*w + 5*w. Let n(i) = 2*i**3 - 3*i**2 - 5*i - 1. Let a be n(-1). What is the units digit of (a/3*w)/1?
9
Suppose -3*f + 2 = 3*j - 19, 0 = 4*f + 3*j - 23. Suppose 37*d - 35*d - 3*q - 397 = 0, -4*q - 402 = -f*d. What is the units digit of d?
1
What is the tens digit of (4675/(-22) - -1)*3/(9/(-652))?
6
Let u = 7441 + -3026. What is the units digit of u?
5
Suppose -5*w - 232*b = -229*b - 25236, -2 = -b. What is the hundreds digit of w?
0
Let t(p) = -p**2 - 33*p - 115. Let r be t(-29). What is the units digit of -6*r - (20/4 - 1065)?
4
Suppose 35*s - 135567 = 6903 + 42505. What is the units digit of s?
5
Let a = 53588 - 29409. What is the units digit of a?
9
Let o(w) = 33*w**2 + 55*w - 1138. What is the hundreds digit of o(19)?
8
Suppose n = 5*m + 32 - 56, 0 = 5*n + 3*m + 8. Let t(p) = 52*p**2 + 16*p + 4. What is the tens digit of t(n)?
7
Suppose 17*s - 175 = -18*s. Suppose -3*q + 4711 = s*m - 5*q, -m - 2*q = -947. What is the units digit of m?
3
Let z = 217 - 383. Let k = 41 - z. What is the units digit of k?
7
Suppose -101*n = -969115 + 398869. What is the hundreds digit of n?
6
Let p = 292 + 166. Suppose 0 = 3*y - 2*g - p, 3*y + g = -4*g + 430. What is the units digit of y?
0
Let n be 736/(-36)*-3*87/4. Let p = 1973 - n. What is the units digit of p?
9
Let w be (6 - 3) + -2 - 3 - -8. Suppose -2*y = -w*n + n + 17, -3*n + 2*y = -11. Suppose 0 = 2*x - 6, -2*x - 240 = -n*j - 0*x. What is the units digit of j?
2
Let h(x) = 5*x + 20. Let k(f) = 81*f + 321. Let c(j) = -33*h(j) + 2*k(j). Let l be c(-7). What is the tens digit of -34*6*l/(-12)?
5
Let o(v) = 2*v**2 - 7*v + 1130 - 1114 + 4*v**2. Let w(q) = q**2 - q + 1. Let u(r) = o(r) - 5*w(r). What is the tens digit of u(5)?
2
Suppose 38 = 2*g + 12. Let q(n) = -n**3 - 9*n**2 - 2*n + 105. Let s be q(-6). Suppose s*k = g*k - 292. What is the units digit of k?
3
Let g = 1497 - -531. Suppose -g = 257*o - 263*o. What is the hundreds digit of o?
3
Suppose -336*f = -403*f + 807752. What is the thousands digit of f?
2
Let i be 5*((-15288)/(-20) + -4). Suppose -3*w + 3*k = -2298, -2*w + 2*k - i = -7*w. What is the tens digit of w?
6
Let n(d) = -93*d - 75*d + 251*d + d**3 - 35 + 13*d + 31*d**2. What is the tens digit of n(-24)?
9
What is the units digit of (-36)/(-756) - (-456536)/84?
5
What is the tens digit of 13 + 3 + -9 + -15 + 18631?
2
Suppose 2*y + 2*x - 42224 = 0, 777*y = 778*y - 3*x - 21100. What is the hundreds digit of y?
1
Suppose -7 = 2*n + 1. Let b be 35/5 + -4 + -2. What is the tens digit of 256/n*b/(-2)?
3
Let a(n) = n**3 - 25*n**2 - 35*n - 5. What is the hundreds digit of a(29)?
3
Let r = -1187 + 2708. Let v = -826 + r. What is the units digit of v?
5
Suppose 152*r - 1418660 = 63*r. What is the thousands digit of r?
5
Let k = 22497 - 748. What is the tens digit of k?
4
Suppose -18*r - 4808 = 10042. Let l = -460 - r. What is the units digit of l?
5
What is the thousands digit of 5934/4*(-208)/(-78)?
3
Let w(q) = -q**2 - 2*q + 13. Let j be w(10). Let p = j - -289. What is the units digit of p?
2
What is the hundreds digit of 223454/12 + 14/(-28) - (-5)/15?
6
Let n be 4 - -2 - (-9)/(-3)*-1. Suppose -2*m + 4*l + 1014 = 0, -2*l + 523 = 10*m - n*m. What is the units digit of m?
5
Let b be 8642/4 + (-105)/42. Suppose 34*x = 47*x - b. What is the hundreds digit of x?
1
Suppose -2*c + 873 = -1129. Let b = c - 440. What is the units digit of b?
1
Suppose 58*s = 612747 + 643243. What is the hundreds digit of s?
6
Let h(w) = 4*w**2 - 5*w - 23 + 0*w**2 - 3*w**2 + 4*w -